- 505. What is the remainder when m is divided by 21?
17
Let x = 8 + -5. Let g(r) = 5*r**3 + 8*r**2 - r - 6. Calculate the remainder when g(1) is divided by x.
0
Suppose -2*v + 5*w - 7*w = -278, 3*v - 2*w - 442 = 0. Calculate the remainder when v is divided by 47.
3
What is the remainder when ((-564)/27)/((-10)/90) is divided by 63?
62
Let l(d) = 2*d**2 - 8*d - 4. Let h be -3*(-5)/((-45)/(-51)). Let w = 61 + h. What is the remainder when w is divided by l(6)?
18
Let g be -5 - (-1 + -2) - -4. Let k(y) = 22*y**2 - 4*y - 8. What is the remainder when k(2) is divided by 0 + 14 + g + 3?
15
Suppose -18*z - 13*z + 141 = -76. Suppose -2*w + 5*o = -25, -w + 3*w = -o + 55. Calculate the remainder when w is divided by z.
4
Suppose j + 23*l - 27*l - 190 = 0, 0 = 3*j + 3*l - 495. What is the remainder when j is divided by 25?
20
Let g(x) = -17*x. Let l be g(-1). Let n = -3 + l. Suppose 3*f + n = -4*s, 0 = -0*f + f + 3*s + 13. Calculate the remainder when f is divided by 1.
0
Suppose 25 = 2*c - 3*f, -5*c - 3*f = 2*f - 75. Let k(n) = -2 - c*n + 3 - 2 - 3. What is the remainder when 71 is divided by k(-2)?
23
Let k(x) = 2*x**3 - 3*x**2 - 2*x - 1. Let j be k(3). Suppose 17*r + 54 = j*r. Let w = -2 - -9. What is the remainder when r is divided by w?
4
Let x = 839 + -753. Calculate the remainder when 1545 is divided by x.
83
Let q = 78 + -43. Let r = -2 + q. Suppose -r + 6 = -3*g. Calculate the remainder when 34 is divided by g.
7
Let b(f) = -24*f**2 - 149*f + 19. Calculate the remainder when b(-6) is divided by 26.
23
Suppose 3*u - 88 = -5*i, -2*i = -0*u - 2*u + 48. Calculate the remainder when 229 is divided by u.
21
Let r(j) = -2*j + 6*j - 4 + j**2 + j. Let t be r(-5). What is the remainder when t - -5 - 4 - -10 is divided by 4?
3
Suppose 2*z - z = -5. What is the remainder when z/((-120)/(-282))*-4 is divided by 27?
20
Let z = 103 + -68. Let c = 200 - 96. Calculate the remainder when c is divided by z.
34
Let y(m) = 3*m**2 + 24. Let z be y(-6). Suppose -5*c + z = -83. What is the remainder when c is divided by 9?
7
Suppose 4*b - 265 = -5*k, k + 367 = 5*b + 43. Let j be (-2)/10 - (-6058)/b. Let u = -40 + j. What is the remainder when u is divided by 28?
25
Let r(h) = 0*h**2 - h - 1 - h**2 + 5*h**2 + h**3. Calculate the remainder when r(3) is divided by -1 - -7 - (-26)/(-78)*-27.
14
Let v(h) = -h**3 - 7*h**2 + 6*h - 8. Let m be v(-8). Let k = -68 + m. Let g = k + 94. Calculate the remainder when g is divided by 18.
16
Suppose -8*t + 4*t = 5*m - 189, -m = -t + 45. What is the remainder when t is divided by 7?
4
Suppose -5*y - 26 = -1, -2*d = -3*y - 181. Calculate the remainder when 261 is divided by d.
12
Let d = -2 - -4. Suppose -16 = p - 3*a - a, -d*p + 23 = 3*a. What is the remainder when p is divided by 1?
0
Let z be 3/9 + (-1)/3. Let b = z - -19. What is the remainder when 13 is divided by (b - -2)*(-5)/(-15)?
6
Suppose -103*y = -99*y - 308. Calculate the remainder when y is divided by 13.
12
Suppose 2*a + a + 5*u = 19, a - 5*u - 33 = 0. Calculate the remainder when a is divided by 7.
6
Calculate the remainder when 305 is divided by (40/(-120))/(1 + 43/(-42)).
11
Let b(u) = -u**2 + 9*u - 11. Let a be b(8). Let k(q) = 2*q + 4. Let r be k(a). What is the remainder when 35 is divided by 1 - (-13 + (0 - r))?
11
Let c(w) = -9*w - 33. Let f(q) = -10*q**2 - q + 1. Let a be f(1). What is the remainder when c(a) is divided by 29?
28
Let l = -631 + 667. What is the remainder when 237 is divided by l?
21
Let y = -4178 - -4184. Let r = 39 + -12. Calculate the remainder when r is divided by y.
3
Let s(p) = 15*p**2 + 5*p + 9. Let g be s(-4). Suppose g - 69 = 4*m. Let z = 61 - m. Calculate the remainder when 37 is divided by z.
16
Suppose -5*h + 5*p + 1335 = -0*p, 0 = 5*h - 3*p - 1331. Calculate the remainder when h is divided by 19.
18
Suppose -46*u = -23 - 4485. What is the remainder when u is divided by 12?
2
Suppose 0 = 9*f - 61 - 1469. Calculate the remainder when f is divided by 19.
18
Let j(l) = 4*l**3 - 15*l**2 + 4*l - 9. Let x(w) = w**3 + w**2 + w - 1. Let p(r) = j(r) - 5*x(r). Calculate the remainder when 73 is divided by p(-20).
9
Let q = -125 - -138. Suppose -7*c = -132 + q. Calculate the remainder when c is divided by 5.
2
Let j be 339/9 - (-4)/3. Calculate the remainder when 99 is divided by (146/6 - 0) + 26/j.
24
What is the remainder when 56 is divided by 18 - (1/1)/(24/144)?
8
Let h be ((-16)/120 - 34/(-30))*4. Suppose 136 = h*l - 164. Calculate the remainder when l is divided by 20.
15
Suppose 0 = 5*f - 6 + 1, 3*a = -4*f + 10. What is the remainder when 100 is divided by (-8)/4*a/6*-51?
32
Let p = -21 - -14. Suppose -h = -0*h - 7. What is the remainder when (-2)/p + 346/14 is divided by h?
4
Let n(w) = w**2 + 3*w + 2. Let o be ((-4)/(-8))/((-2)/(-24)). Suppose o - 1 = -f. What is the remainder when 47 is divided by n(f)?
11
Let g = 86 - 48. Calculate the remainder when g is divided by 4 + (-3 - -35)/2.
18
Suppose 4*b - 64 = -5*p, 2*p - 3*p + 13 = b. Suppose -4*h - 185 = 51. Let w = -12 - h. What is the remainder when w is divided by p?
11
Suppose 1306*s = 1271*s + 1680. Let f be (-335)/9 - 2/(-9). Let j = f + 54. Calculate the remainder when s is divided by j.
14
Let y(v) = -12*v + 87. Suppose -98 = -3*b + 4*u, 0 = -b - b - 3*u + 54. What is the remainder when y(-2) is divided by b?
21
Let z = 143 - 82. Let g(a) = -a**2 + 2*a**2 + 5*a - 4 - 5*a**2 + a**3. Calculate the remainder when z is divided by g(4).
13
Let a(l) = 4*l + 10. Let x be a(0). Suppose -5*h + 3*i = -89, -h = -2*i - 32 + x. Calculate the remainder when 78 is divided by h.
14
Let x(a) = -a**2 + 8*a - 4. Let q be x(7). Suppose -l + 5*w = 3*l - 95, q*l - 95 = -w. Calculate the remainder when 118 is divided by l.
28
Let k be (1107/12)/9*4. Suppose 0 = b - k + 22. Suppose -2*c + 0*c = -10. Calculate the remainder when b is divided by c.
4
Let n = 47 + -34. Suppose n*a - 70 = 8*a. Calculate the remainder when -1*(-1 + 1) - -39 is divided by a.
11
Suppose -162 + 21 = -3*k. Calculate the remainder when 185 is divided by k.
44
Calculate the remainder when (-1 + 1 - 0) + (-536)/(-4) is divided by 8.
6
Suppose 0 = -2*p - 2*p + 1024. Suppose 4*i = 4*w - p, -125 = -2*w + 5*i - 0*i. Calculate the remainder when w is divided by (-1957)/(-114) + 1/(-6).
14
Let b = 16 - 1. Let n = -2252 + 2371. What is the remainder when n is divided by b?
14
Let v(m) = 14*m**3 - 30*m + 55. Calculate the remainder when v(2) is divided by 19.
12
Suppose 880 = 30*z - 19*z. Calculate the remainder when z is divided by 22.
14
Suppose 89 = -i - 65. Let a = -104 - i. What is the remainder when a is divided by 17?
16
Suppose 2*k - 159 = -3*l + 5*k, 4*k + 102 = 2*l. Suppose 2*p - 38 = 2. Calculate the remainder when l is divided by p.
15
Calculate the remainder when 1285/4 + (9 - (-333)/(-36)) is divided by 12.
9
Suppose 6 = 2*c - 5*q - 27, 3*q + 23 = 2*c. Calculate the remainder when 14 is divided by c.
2
Suppose 2*k = 25*k - 736. Calculate the remainder when 62 is divided by k.
30
Let h be (-1)/((-3)/192) + -1. Suppose 2*m - 3*p - 31 = 0, -p = 5*m - 2*m - h. Calculate the remainder when (-813)/(-21) + 4/14 is divided by m.
19
Let p(l) = -2*l**2 - 12*l - 4. Let f(r) = 4*r + 5 - 3 - r. Calculate the remainder when f(3) is divided by p(-5).
5
What is the remainder when 2420/150 + (-2)/15 is divided by 2?
0
Let b(c) = 17*c**2 - 6*c - 9. What is the remainder when b(-2) is divided by 22?
5
What is the remainder when (-50 - -2)*(-36)/16 is divided by 34?
6
Let i(g) = 2*g**2 + 41*g + 97. Calculate the remainder when 238 is divided by i(-19).
38
Let o = 7 - 1. What is the remainder when 11 is divided by 1*o*3/6?
2
Let y = -46 - 4. Let b = y + 72. Suppose 326 = 2*x + b. What is the remainder when x is divided by 31?
28
Suppose 5*y - 4*y = -2*k + 25, 3*y - 4*k - 45 = 0. Calculate the remainder when 67 is divided by y.
10
Suppose 2*c + 4872 = 44*c. What is the remainder when c is divided by 41?
34
What is the remainder when 204 + -7 + 0/(-3) is divided by 18?
17
What is the remainder when 180 is divided by (11 - (5 - -14)) + 34?
24
Suppose -4*f = -2*f. Let c be (-3 - (4 - f))*-1. Suppose -c*b = -4*b - 150. Calculate the remainder when b is divided by 13.
11
Calculate the remainder when (-4)/(-2) - (-1 - (37 - 5)) is divided by 40/5 +